 + 3*p**2 + 0*p + 3. Let o = -3 + -2. List the prime factors of l(o).
3
Suppose 0 = -x + 5*x - 4*u - 236, -3*x - 4*u = -163. Let h = x + -6. List the prime factors of h.
3, 17
Suppose -3*o + 4 = -o. List the prime factors of o.
2
Let x(q) = q**2 - 4*q - 6. Let n be x(-5). Suppose 5*c = 5*v - 105, -3*v - 4*c = -c - n. List the prime factors of v.
17
Suppose 3*j - 5 = 7, -2*j = t - 3. Let g(n) = -n**2 - 14*n - 5. Let l(d) = -d. Let a(v) = g(v) - 6*l(v). List the prime factors of a(t).
2, 5
Let t(n) = 2*n. Let g(k) be the third derivative of -k**6/120 + k**4/12 - k**2. Let w be g(-2). What are the prime factors of t(w)?
2
Let c(i) = -2*i + 3*i - 4 + 3. Let x(b) = 2*b - 1. Let k(v) = 2*c(v) - 2*x(v). List the prime factors of k(-6).
2, 3
List the prime factors of 0/3 + 0 + 3.
3
Let q(p) = -3*p - 3. Let f(n) = -4*n - 2. Let g(h) = -2*f(h) + 3*q(h). What are the prime factors of g(-9)?
2
List the prime factors of (-20)/(-130) - (-1400)/26.
2, 3
Suppose -114 = -3*z + 102. List the prime factors of z.
2, 3
Let m(c) = -2*c**2 + 5*c**2 + 4*c**2 - 6 - 3*c**2 - c**3 + 10*c. List the prime factors of m(5).
19
Let w = -41 + 248. List the prime factors of w.
3, 23
Let v be 3 + (-4)/(5 - 1). List the prime factors of ((-3)/v)/(6/(-112)).
2, 7
Suppose 2*w = -3*g + 1, -3*g - 4*w - 10 = -g. Suppose -5*h + 11 + 13 = 2*p, h = p + 9. Suppose g*f = 6*f - h. List the prime factors of f.
2
Suppose -3*b - b + 212 = 0. Suppose 3*l + 2*h = 3, 0 = 4*l - 3*h - 27 + 6. Suppose 5*x + l*z - b = 0, z = -0*z + 1. What are the prime factors of x?
2, 5
Let s(z) = -z**2 - 9*z - 9. Let j be s(-7). Let x(v) = v - 3. Let t be x(j). Let r = t + 0. What are the prime factors of r?
2
Suppose 0*k - 3*k - 2 = 2*c, 0 = 4*c + 4*k. Suppose -87 = c*j - 5*j. Suppose -5*o + 1 + j = 0. What are the prime factors of o?
2, 3
What are the prime factors of (-3 + (-163 - 1))*(-1 - 0)?
167
Suppose -3*s - 47 = -3*l + l, -s - 3*l = 1. Let x = -6 - s. What are the prime factors of x?
7
Suppose -40 = -8*d + 6*d. List the prime factors of d.
2, 5
Let f = -17 - -19. Let w = -1 + 1. Suppose 0 = r - 3, -f*m - r + 21 = -w*r. What are the prime factors of m?
3
Suppose -k = -4*h - 25, 59 + 2 = 3*k + 2*h. Suppose 2*g = -v - 7, v = 5*g + 1 - 29. Let b = k + v. What are the prime factors of b?
2
Let p(l) = 5*l - 4. Let v be p(4). Let m = v - 4. What are the prime factors of m?
2, 3
Suppose -3*w - 6*w + 531 = 0. List the prime factors of w.
59
Let b(i) = 3*i**3 - 1. Let k(w) = w**3 + 4*w**2 + 3*w + 1. Let u be k(-3). What are the prime factors of b(u)?
2
Let v(k) = 15*k**2 + 2*k - 1. Let w(j) = 31*j**2 + 4*j - 2. Let c = -9 - -7. Let u(s) = c*w(s) + 5*v(s). List the prime factors of u(1).
2, 7
Let h(b) = 6*b**2 + 1. Suppose 0 = 4*g - 4. Let d be h(g). Suppose -3*z + d = -29. List the prime factors of z.
2, 3
Let c(s) = 1. Let h(q) = 3*q**3 - 3*q**3 - q**2 - 1 - q**3 - q. Let x(n) = c(n) - h(n). List the prime factors of x(2).
2
Let k(j) = 3*j + 2. Let z be k(1). List the prime factors of (z - 2)/(4/4).
3
Suppose 0 = 3*h - 7*h + 3*b + 12, 0 = -h + 3*b + 12. Suppose h = -5*x + 4*q + 60, 3*x + q - 22 = -3. What are the prime factors of x?
2
Suppose 2*x - 130 = -w, 2*x + 8 = 4*w + 158. What are the prime factors of x?
67
Let u be (-2)/(-5) - 32/(-20). Let d be 16/3*(-9)/(-6). Suppose 2*x - d = -u*x. What are the prime factors of x?
2
Suppose -3*s = -7*s - 68. Let x = s - -26. List the prime factors of x/6*4/3.
2
Let r = -2 - -7. What are the prime factors of r?
5
Let a = 3 - 0. Suppose -7 = -a*n + 86. What are the prime factors of n?
31
Let d = -86 - -121. Suppose -90 = -5*m + d. Suppose -5*t + m = -5. What are the prime factors of t?
2, 3
Suppose 0*z + 65 = 5*z. List the prime factors of z.
13
Let h = 21 + -12. Suppose 3*a - h = 2*a. What are the prime factors of a?
3
Suppose 0 = -4*r - 20, -3*f + 30 = -r - 32. Let u = 30 - f. List the prime factors of u.
11
Let t = -5 + 8. Suppose -2*s = t*s - 10. Suppose -3*h + 22 = g, s*h - 23 = -5*g + 35. What are the prime factors of g?
2, 5
Suppose -4*m - 24 = t - 77, 3*m - 147 = -4*t. Let r = -62 + t. Let j = r + 40. List the prime factors of j.
11
Suppose -5*y + 10 = -5. Suppose -3*n = c - 13, 0 = -2*c - y*c - n + 9. List the prime factors of 0 + 0 + 3/c.
3
Let h = -12 + 14. Suppose -m - 3*k = m - 47, h*m - 2*k - 72 = 0. What are the prime factors of m?
31
Let g(j) = -4*j**3 + j + 1. Let v be g(-1). Suppose -c = v*c. Let s = c + 7. List the prime factors of s.
7
Let n(d) = 9*d**2 + d. Let o be n(1). Suppose 34 = 3*a + o. List the prime factors of a.
2
Suppose -l - 3 = 6. Let v(o) = -o**3 - 8*o**2 + 10*o + 11. Let y be v(l). Suppose -f + 48 = y*f. List the prime factors of f.
2
Let t = -6 - -11. Suppose 4*m - 1 = -w + 7, -4*w - 2*m + 4 = 0. Suppose w = t*x - 62 + 7. List the prime factors of x.
11
Let q(r) = -r**2 + 24*r - 21. What are the prime factors of q(22)?
23
Let r(f) = -5*f - 2. Let g be r(-2). Suppose -6*k + k + 3*c = -58, 2*c - g = 0. List the prime factors of k.
2, 7
Let o = -1 - -1. Let t be 16/(o - -2) - 2. What are the prime factors of 11 - t*2/4?
2
Let y(l) = 17*l + 2. Let f(i) = -9*i - 1. Let b(q) = -11*f(q) - 6*y(q). What are the prime factors of b(-4)?
11
Suppose a - 5*j = 19, 4*a - 2*j - 3*j = 136. List the prime factors of a.
3, 13
Let z = -25 + 61. List the prime factors of z.
2, 3
Suppose -2*m = m + 81. What are the prime factors of -2 + m/((-6)/2)?
7
Let j(h) = -h**2 + 3*h. Let s be j(3). Suppose s = -a + 4*a. List the prime factors of 1 + (-2 - a) + 11.
2, 5
List the prime factors of -2 + 3 + 15 - -2.
2, 3
Let o(g) = 3*g**2 + g - 2. Let z be 4/2 - (-2 - 2). Let m be (8/z)/(2/3). What are the prime factors of o(m)?
2, 3
Let d(s) = 3*s**2 + 2*s - 1. Let p(f) = -f**2 + 4*f - 1. Let z be p(3). Let o be d(z). Let q = -6 + o. What are the prime factors of q?
3
Suppose -n = -2*n + 34. List the prime factors of n.
2, 17
Let r(s) = s**3 - 5*s**2 - 5*s. Let x be r(6). Let p be x/4*2/(-3). What are the prime factors of 1 + (5 - (p + -1))?
2
Let a(u) = 5*u**2 - 9*u + 39. List the prime factors of a(6).
3, 5, 11
Let a be 8 - (-1 + 0)*-1. Let u(j) = -j**2 + 11*j - 7. List the prime factors of u(a).
3, 7
Let x be 2/4 - (-3)/2. Let c = -9 + 12. Suppose 4*r - 5 = 15, 0 = c*q + x*r - 25. What are the prime factors of q?
5
Suppose -5*f - 4*w + 99 = 0, w = 4*f - 5*f + 20. What are the prime factors of f?
19
What are the prime factors of 1407/49 + (-2)/(-7)?
29
Let b = 81 + -49. Let u = -17 + b. List the prime factors of u.
3, 5
Let p(g) = 32*g - 2. What are the prime factors of p(2)?
2, 31
Let v(i) = 4*i**2 + 3*i + 4. List the prime factors of v(-4).
2, 7
Let y(x) = x**3 - 6*x**2 + 6*x - 2. List the prime factors of y(6).
2, 17
What are the prime factors of 1*(-1 - 0) - -8?
7
Let d = -35 - -126. Let o = d - 3. Suppose 3*m = -m - 4*b + o, -5*m + 70 = -3*b. List the prime factors of m.
17
Let b = 12 - 7. Suppose b*u = u. Suppose 36 = 3*q - u*q. What are the prime factors of q?
2, 3
Let l be ((-4)/(-10))/((-1)/(-15)). List the prime factors of l/(-5)*(-50)/15.
2
Let u(x) = 8*x**2 - 5*x + 3. List the prime factors of u(6).
3, 29
Let n(m) = 11*m**3 - 2*m + 1. Let k(x) = x**3 - 11*x**2 + 10*x + 1. Let b be k(10). List the prime factors of n(b).
2, 5
Suppose 4*j - 2*g - 8 = 0, -5*g + 0*g + 16 = -j. Let w = j - 4. Let x(k) = -k**3 + k + 11. List the prime factors of x(w).
11
Suppose -r + 25 = k, -5*r + 3*k - 2*k + 131 = 0. Let v = r + -16. Let g = v + -5. What are the prime factors of g?
5
Let r(y) = y**2 + 4*y + 1. Let c(j) = 2*j**2 + 9*j + 2. Let u(s) = -4*c(s) + 9*r(s). List the prime factors of u(1).
2
List the prime factors of ((-40)/20)/((-4)/22).
11
Let l(k) = -k**2 - 19*k + 19. Let y(t) = -5*t - 5*t + 9 + t. Let o(x) = -6*l(x) + 13*y(x). What are the prime factors of o(2)?
3, 7
Let z = -21 + 16. Let i(m) = 8*m**3 - m**2 - 3*m - 2. Let p(r) = 7*r**3 - 2*r - 1. Let j(l) = -6*i(l) + 7*p(l). List the prime factors of j(z).
2, 5
Let o = 240 + -86. List the prime factors of o.
2, 7, 11
Suppose 5*l + o - 242 = 4*o, l = 2*o + 47. List the prime factors of l.
7
Let d(r) = r**3 - 6*r**2 + r - 1. Let s be d(6). Suppose -6*h + s*h = 3*a + 4, 28 = h - 5*a. Suppose -3*b = -4*b + h. What are the prime factors of b?
2
List the prime factors of (-111)/(-1)*16/48.
37
Let d be ((-48)/(-14